nd 195?
15
Let q = -13753 + 21827. Calculate the highest common factor of 44 and q.
22
Suppose -c + 0*c = -10. Let s be (-5)/((-5)/3)*(-7 + c). What is the greatest common divisor of s and 261?
9
Let n be (8*(-2)/32)/(1/(-6)). Calculate the greatest common divisor of n and 32.
1
Let x be ((-30)/20)/(12/(-5000)). Suppose 3*u + 750 = 18*u. What is the greatest common divisor of u and x?
25
Let d = 74 - 27. Let u = 109 - d. Suppose u - 20 = 7*r. What is the greatest common factor of 18 and r?
6
Let b be (8/(-2))/(59/(-708)). Calculate the greatest common divisor of b and 1188.
12
Suppose 2196 = 4*r + 7*p - 2*p, -2196 = -4*r + 5*p. Calculate the greatest common factor of 18 and r.
9
Suppose 0 = q - 5*k - 20, -2*q + k = -16 + 3. Suppose -q*f + 0*f = -25, -2*p = -3*f - 335. What is the highest common factor of p and 105?
35
Let x(r) = 376*r + 3436. Let v be x(-9). What is the greatest common divisor of v and 1027?
13
Suppose -47 = -4*m + 53. Let c = -11 + m. Let b = 195 + -97. What is the greatest common divisor of c and b?
14
Let v = -3458 + 3499. Calculate the greatest common divisor of v and 12.
1
Let g = 95 - 62. Let t be 894/g + ((-392)/(-44) - 9). Let l be (-399)/(-15) + 4/10. Calculate the greatest common divisor of t and l.
27
Let w(v) = 24*v**2 + v + 1. Let j be w(-1). Suppose -l + 36 + 17 = 2*a, l = 3. Suppose -5*r + a - 10 = 0. Calculate the greatest common factor of j and r.
3
Let d(n) = 1788*n - 10576. Let y be d(6). Let o be 48/2 - (2 + -2). What is the greatest common factor of y and o?
8
Suppose -g - 3*g = 4*x - 1796, -x = -1. Let t = 792 - g. What is the greatest common factor of 8 and t?
8
Suppose t - 26 = -3*t - 2*k, -2*t + 2*k = -28. Let x be t/(-5)*1100/(-66). Let r = 13 - 7. What is the greatest common factor of x and r?
6
Let u(d) = -177*d + 557. Let b be u(2). Calculate the greatest common factor of b and 261.
29
Suppose 6259 = 2*i - f, 17*f = -2*i + 22*f + 6239. Calculate the greatest common divisor of 216 and i.
108
Suppose -6*j + 211 = 5*c, -2*c + 74 = -143*j + 145*j. Suppose 5*y + 5*d = 2390, 0*d + 2*d + 968 = 2*y. What is the highest common factor of y and j?
13
Suppose -3*z + 142 = y, -4*y + y + 4*z = -452. Suppose 3663 = 30*n + 3*n. Calculate the highest common factor of n and y.
37
Suppose 3*f = -0*f + 3*h + 327, 20 = -5*h. What is the greatest common divisor of 189 and f?
21
Let k be 92/5 + (-84)/(-140). Calculate the highest common factor of k and 2603.
19
Let l(b) = -345*b**2 + 906*b - 3. Let c be l(2). What is the greatest common divisor of c and 363?
33
Suppose 0 = -3*i + 12, -4*o + 445 = -3*o + 2*i. Let y = o + -190. What is the highest common divisor of 19 and y?
19
Let y(l) = -20*l - 238. Suppose 12 = -f - 4*g, -f + 0*g + 2*g = 12. Let u be y(f). Suppose -2*i + 18 = -i. Calculate the highest common divisor of i and u.
2
Let n be (-3)/(-6)*-6 - -5 - 2. Suppose n = 522*g - 521*g - 15. What is the greatest common factor of g and 60?
15
Let i = 3406 - 3142. What is the greatest common factor of i and 891?
33
Suppose 0*m - 28 = -m. Let c = -68186 + 68305. Calculate the highest common divisor of c and m.
7
Suppose -56*d - 2 = -54*d - 4*h, -3*h + 99 = 5*d. What is the greatest common divisor of d and 12435?
15
Let a(x) = x**2 + 28*x + 55. Let v be a(-27). Suppose 4*t = -f + 3*t + v, -f - 3*t = -24. Calculate the greatest common factor of 150 and f.
30
Let w(r) = -3*r**2 - 4*r + 72. Let o be w(0). Suppose -s + 125 = 5*v - 6*s, -o = -3*v + 4*s. What is the greatest common factor of v and 756?
28
Let y be 2 - 3/((-6)/4). Suppose -n - 70 = -y*g + 2*n, -5*g + 78 = n. Let i = 700 - 524. What is the greatest common factor of g and i?
16
Suppose -3*f = 3*p - 102, 0 = 2*f + 2*f - p - 116. Suppose 4*n = 14 + f. What is the highest common factor of 176 and n?
11
Suppose -v = v + 10, -f - 2 = -2*v. Let z(o) = -2*o**2 - 34*o - 54. Let k be z(f). What is the highest common factor of k and 30?
6
Let h = -11 - -14. Suppose -4*q = -4*d + 4, 7*d - 5*d - 17 = -q. Calculate the highest common factor of d and h.
3
Suppose -5*h + 7*h = -8*h. Suppose 5*t - 4*n - 376 = 0, 4*t - 308 = -h*t - 4*n. What is the greatest common divisor of t and 190?
38
Let g be (-52)/((270/(-9))/(-5) + 7/(-1)). What is the highest common factor of 8606 and g?
26
Let j(z) = 40*z + 5904. Let t be j(-143). What is the highest common divisor of 1384 and t?
8
Suppose 0 = 3*w - 98 - 478. Suppose -5*l + l = -w. Suppose -u - 164 = -2*t - 6*u, -t + u = -68. What is the highest common divisor of l and t?
24
Suppose -258 - 462 = -40*t. Calculate the greatest common divisor of 114 and t.
6
Let w(y) = y**2 + 8*y - 40. Let n(a) = -a. Let t(k) = -3*n(k) + w(k). Let d be t(-15). Calculate the highest common factor of 140 and d.
20
Let o(z) = -z**3 + 45*z**2 + 405*z - 332. Let s be o(51). What is the highest common factor of s and 53?
53
Suppose -14*t + 392 = -6*t. Suppose f = 4*f + 132. Let c = f + t. Calculate the highest common divisor of c and 5.
5
Let v(z) = z**2 + 8*z - 16. Suppose -10*o = -7*o + 81. Let y = -37 - o. Let u be v(y). Calculate the greatest common factor of u and 12.
4
Let v be -6*((-18)/4)/1. Suppose 108*f - 244 - 62 = 18. Calculate the greatest common factor of f and v.
3
Suppose 0 = 3*z - 4*y - 198, -274 = -4*z - 129*y + 131*y. Calculate the highest common factor of 40 and z.
10
Let l = 950 + -941. Let h(a) = -145*a**3 - a**2 + a + 1. Let f be h(-1). Calculate the greatest common divisor of f and l.
9
Let n(p) = -5*p + 4. Let j be n(-4). Suppose 17*z - 21*z = d - 619, 0 = 4*d + z - 2506. Suppose 93 = 10*a - d. What is the highest common factor of a and j?
24
Let i(s) = s**2 - 18*s + 32. Let k be i(16). Suppose -4*o + 8*o + 5*m - 155 = k, -3*m = 2*o - 79. What is the greatest common divisor of 5 and o?
5
Suppose 2*x - 447 = -10*j + 7*j, -x + 4*j + 207 = 0. Suppose -5*u - 76 = a - 297, a + x = 5*u. What is the greatest common factor of 11 and u?
11
Let n be (-3)/1 + 31/(558/792). Calculate the highest common divisor of n and 328.
41
Let x(h) = -15*h - 42. Let l be x(-6). Let q be 1935/120 + -2*3/l. Let a = 50 + -34. What is the highest common factor of a and q?
16
Let x be (276/(-8))/(-6 + 1 + 114/24). What is the greatest common factor of 138 and x?
138
Let s(u) = 40*u**2 + 103*u + 200. Let g be s(-2). Suppose -3*o + 24 = 3*c - 15, 2*c - 12 = -o. What is the greatest common factor of g and o?
14
Let j be 220/25 - 6/(-5). Suppose -917 - 3 = -4*c. What is the greatest common factor of j and c?
10
Let v be (15/(-9))/((-1)/3). Let d = 27 - v. Let h = d + -1. Calculate the greatest common divisor of h and 56.
7
Suppose -11688*n = -11692*n + 29500. What is the greatest common factor of 59 and n?
59
Suppose 5*f = -1750*p + 1751*p - 1397, -p + 1387 = 5*f. Calculate the highest common divisor of 12 and p.
12
Let f(w) = 13*w - 91. Let l be f(26). Suppose -14*m = -l - 257. Calculate the highest common factor of 27 and m.
9
Let r(f) = -63*f - 371. Let d be r(-14). Calculate the highest common divisor of d and 28.
7
Suppose 0 = x - 9*x - 72. Let i be (24/30)/(1 + x/15). Calculate the highest common factor of i and 22.
2
Let d be (3/2)/(9/84). Let v be -4 - (0 + (-2 - -1)) - -3. Suppose 2*p + 4*w = -0*p + 148, -4*w + 8 = v. Calculate the highest common factor of d and p.
14
Let t(d) = -11*d**3 + d**2 + 6*d + 5. Let g be t(-2). Let a be (-12 - -16) + 2 + 45. What is the highest common divisor of a and g?
17
Let h = -6908 + 7278. What is the greatest common divisor of h and 6364?
74
Suppose -5*z + 134 = -56. Let g = z - 7. Let t = 57 + g. Calculate the greatest common divisor of 11 and t.
11
Let i = 484 + -479. Suppose -j - i*z = -3*z - 23, -3*z = 3. Calculate the greatest common factor of j and 750.
25
Suppose 0 = 4*v + 4*q - 64 - 204, 0 = v - 5*q - 37. What is the greatest common divisor of 279 and v?
31
Let j(n) = n**3 + 10*n**2 + 17*n + 12. Let x be j(-5). Suppose -25*v + 670 = 2*l - 23*v, l + 4*v = 326. What is the highest common factor of l and x?
26
Suppose -t + 19 = -x - 2, 0 = -4*t - 4*x + 124. Let z(w) = w**3 - 24*w**2 - 48*w + 1. Let g be z(t). Calculate the greatest common divisor of 15 and g.
15
Let z = 4181 - 835. Calculate the highest common divisor of z and 28.
14
Suppose -5*z = 2*l - 39, -45 = -4*z + 37*l - 34*l. Calculate the greatest common factor o